 87723?
57
What is the greatest common factor of 1107 and 1902023046?
1107
Calculate the highest common factor of 194454 and 57447.
117
Calculate the greatest common factor of 219625 and 203.
7
Calculate the greatest common divisor of 7654 and 334368.
86
What is the highest common factor of 3502 and 601834?
34
What is the greatest common divisor of 10614 and 1972?
58
Calculate the highest common factor of 2730 and 400764.
546
Calculate the highest common divisor of 1396612 and 88598.
62
Calculate the greatest common divisor of 46751528 and 536.
536
What is the highest common divisor of 8298 and 33227036?
922
What is the greatest common factor of 35234 and 436712?
158
What is the highest common divisor of 3201166 and 444?
74
Calculate the highest common factor of 754 and 50888968.
754
Calculate the greatest common divisor of 66636 and 181.
1
Calculate the greatest common factor of 671382 and 11304.
18
Calculate the highest common divisor of 68524757 and 57141.
6349
Calculate the greatest common divisor of 70140972 and 64068.
3372
Calculate the highest common factor of 126 and 42526422.
18
Calculate the greatest common factor of 737674 and 210.
14
Calculate the greatest common divisor of 6955 and 620659.
13
Calculate the highest common divisor of 1365522 and 61272.
222
What is the greatest common factor of 1637763 and 4046?
289
Calculate the highest common factor of 18632 and 198152.
136
What is the highest common divisor of 913 and 20763083?
11
What is the greatest common factor of 25 and 472239610?
5
Calculate the highest common factor of 48 and 5607152.
16
What is the highest common divisor of 446698 and 994?
14
Calculate the highest common factor of 151103 and 18631285.
2851
What is the greatest common divisor of 134 and 5305864?
134
Calculate the greatest common divisor of 560334 and 2256.
282
What is the highest common factor of 138 and 187807581?
69
Calculate the greatest common factor of 167577072 and 1248.
624
What is the greatest common factor of 67 and 52059871?
67
Calculate the highest common divisor of 8421096 and 424.
8
Calculate the greatest common factor of 234475452 and 216.
108
Calculate the greatest common divisor of 87487187 and 7346.
3673
Calculate the highest common factor of 9142072 and 96.
8
What is the highest common factor of 378378 and 8361738?
4158
What is the greatest common factor of 4184 and 213239652?
2092
Calculate the greatest common divisor of 45875043 and 117.
9
What is the highest common divisor of 143418 and 43566?
318
Calculate the greatest common factor of 964371658 and 958.
958
What is the greatest common divisor of 657475 and 1360?
85
Calculate the highest common factor of 55808 and 35328.
512
What is the highest common factor of 240 and 45807920?
80
What is the greatest common divisor of 32 and 3396188?
4
Calculate the greatest common factor of 1121 and 71371828.
1121
Calculate the greatest common factor of 202 and 9496525.
101
What is the greatest common divisor of 318 and 185214?
6
What is the highest common factor of 854 and 2165317?
427
Calculate the greatest common factor of 185 and 81475850.
185
What is the highest common factor of 47802282 and 99?
33
Calculate the highest common divisor of 1994268476 and 5587.
5587
What is the highest common divisor of 6 and 37474014?
6
What is the highest common factor of 28 and 7994434?
14
Calculate the greatest common divisor of 506880640 and 13440.
4480
Calculate the greatest common factor of 3673098 and 52.
26
What is the highest common factor of 22163 and 251304?
37
Calculate the greatest common factor of 29282220 and 42780.
1380
Calculate the highest common divisor of 21951754 and 330.
22
What is the highest common factor of 16 and 6701384?
8
What is the greatest common divisor of 209920659 and 156?
39
Calculate the highest common factor of 7740 and 10481895.
1935
What is the greatest common factor of 2925 and 3891901?
13
Calculate the greatest common factor of 34744 and 50904.
808
Calculate the greatest common divisor of 180092 and 873884.
44
Calculate the greatest common divisor of 19936007 and 53599.
2821
Calculate the greatest common factor of 1067 and 9665371.
97
What is the greatest common factor of 924 and 21514592?
44
What is the greatest common factor of 237398 and 434?
434
What is the greatest common divisor of 25 and 89020775?
25
What is the highest common factor of 31691 and 8343720?
473
Calculate the greatest common factor of 199234208 and 2544.
848
Calculate the greatest common divisor of 440 and 139464600.
440
What is the highest common divisor of 440557065 and 13?
13
Calculate the highest common divisor of 87 and 1963271.
29
Calculate the highest common factor of 3100 and 21707750.
1550
What is the highest common divisor of 950240 and 310?
10
Calculate the highest common factor of 9338576 and 1144104.
1976
Calculate the highest common divisor of 134571012 and 12.
12
Calculate the highest common factor of 37168 and 11313616.
1616
Calculate the highest common factor of 2621983191 and 61.
61
Calculate the highest common factor of 56 and 89899838.
14
Calculate the greatest common divisor of 6296 and 1974344.
8
What is the highest common factor of 103616 and 320?
64
Calculate the greatest common factor of 210022 and 28372.
346
What is the greatest common factor of 86 and 179730?
2
What is the greatest common divisor of 1886728 and 2771?
17
What is the highest common divisor of 1590689 and 848?
53
Calculate the highest common factor of 2936130 and 3.
3
What is the highest common factor of 4746 and 10665618?
678
What is the greatest common factor of 4425 and 21984875?
1475
Calculate the greatest common divisor of 2742198 and 46.
46
Calculate the greatest common factor of 105 and 2417640.
15
Calculate the highest common factor of 1939823 and 14320.
179
Calculate the greatest common divisor of 378 and 7670348.
14
What is the greatest common factor of 4698 and 4635306?
162
What is the highest common divisor of 93934 and 123376?
1402
What is the highest common divisor of 1196025 and 210759?
1293
What is the greatest common factor of 25049635 and 26?
13
What is the greatest common factor of 1336296 and 2548?
52
Calculate the greatest common factor of 12 and 571612.
4
Calculate the highest common factor of 17518 and 629265.
461
What is the highest common divisor of 19919745 and 2956?
739
What is the highest common divisor of 643076 and 200872?
476
What is the greatest common divisor of 1561155 and 135?
15
Calculate the greatest common factor of 237412 and 296704.
244
What is the highest common divisor of 733 and 6640247?
733
Calculate the highest common divisor of 35369716 and 15580.
3116
What is the highest common factor of 45033099 and 452?
113
What is the highest common divisor of 7238276 and 64?
4
What is the highest common divisor of 3038 and 4999470?
98
Calculate the highest common factor of 420 and 4468065.
105
What is the highest common divisor of 8022945 and 2180?
545
Calculate the highest common divisor of 301038 and 61832.
262
What is the highest common divisor of 2752264 and 11400?
152
What is the greatest common factor of 44602 and 2459262?
1538
What is the greatest common factor of 14620 and 53500428?
2924
What is the highest common factor of 256 and 145744752?
16
What is the greatest common divisor of 832587 and 737877?
861
What is the highest common factor of 5114166 and 17867?
1051
What is the highest common divisor of 809804 and 3656?
1828
What is the greatest common factor of 479641090 and 4130?
590
What is the greatest common factor of 2909616 and 18?
6
Calculate the highest common factor of 750 and 3854221500.
750
Calculate the greatest common factor of 28542672 and 18.
18
Calculate the highest common divisor of 331559160 and 816.
408
Calculate the greatest common factor of 94950 and 17775.
225
What is the highest common divisor of 29549132 and 4188?
1396
Calculate the highest common factor of 1447405 and 685.
685
What is the highest common divisor of 547370505 and 330?
165
Calculate the greatest common divisor of 255 and 165254229.
51
Calculate the greatest common divisor of 17585868 and 382641.
7809
Calculate the greatest common factor of 14 and 2086696633.
7
Calculate the greatest common factor of 3501750 and 44254.
406
Calc